t of c(20)?
4
Let r(u) = -8*u**2 + 8*u - 11. Let p be r(-4). Let f = p + 437. What is the tens digit of f?
6
Let o(f) = 21 + 20 - 10 - 2*f. Suppose 13 = b + 20. What is the units digit of o(b)?
5
Suppose -2*i + 7815 = g, -g = 5*i - 21135 + 1593. Let p = i + -2781. What is the thousands digit of p?
1
Suppose -11*i - 37*i + 97459 = -52589. What is the thousands digit of i?
3
Suppose -174*k - 17*k - 150*k = -16133051. What is the hundreds digit of k?
3
Let x = 16250 + -1288. What is the ten thousands digit of x?
1
Suppose w + 903649 = 10*a, 21*a - 4*w = 24*a - 271099. What is the units digit of a?
5
What is the units digit of 6 - ((-4 - -20 - 17198) + (0 - -6))?
2
Let o(a) = -a**3 + 6*a**2 - 6*a + 8. Let w be o(5). Suppose 7*p - w*p = -12. Let t = 93 - p. What is the units digit of t?
6
Let r = 2258 + 740. What is the hundreds digit of r?
9
Let o(h) = -11*h + 58. Let v be o(5). Let t(l) = 102*l - 26. What is the units digit of t(v)?
0
Let x(n) = 2*n**2 - 7*n + 9. Let y be x(2). Suppose 0 = s - u - 393, -2*s + 5*s = -y*u + 1185. What is the hundreds digit of s?
3
Suppose -20 = -3*u - 2*u, -4*m + 316 = -5*u. Let x = -14 + m. What is the units digit of x?
0
Suppose 2*q + 1292*x - 138096 = 1291*x, 4*x - 69034 = -q. What is the tens digit of q?
5
Let o = -431 - -451. Suppose c + 3*c = -o, -2*h = -2*c - 162. What is the tens digit of h?
7
Let c(p) = 2*p**2 + 13*p - 4. Let g be c(-7). Suppose -3*n - g*h = 63, -29 = 4*n - 3*h + 55. What is the units digit of 0 + n/(4 - 5)?
1
Let p(y) = 89*y + 5. Let m be p(3). Let v = m - 26. Suppose -228 = -2*c + 2*a, -2*c + v = -0*a + 4*a. What is the hundreds digit of c?
1
Let i = 4874 + -1867. Suppose 0 = -5*d - 2*t + i, -3*t + 1806 = 3*d - 0*t. What is the units digit of d?
1
Let p(k) = 41*k - 21*k - 38*k - 20. Let a be p(-11). Suppose -a = -n + 14. What is the tens digit of n?
9
Let g = -252 - -373. Suppose -40 = -25*z + 15*z. Suppose -4*k + 2*h = -164, 2*h - z*h - g = -3*k. What is the units digit of k?
3
Suppose -5*y + 16 = 2*d - 208, -112 = -d + 2*y. What is the tens digit of d?
1
Let v = -56 + 51. Let u be (-9)/v + -2 - (-33)/15. Suppose 3*s + t - 417 = -155, -5*t = -u*s + 203. What is the tens digit of s?
8
Suppose -2*c + 94*c - 422188 = 0. What is the tens digit of c?
8
Let a = 110 + -276. Let d be (0 + 13)/((9 + -11)/40). Let f = a - d. What is the tens digit of f?
9
Let t be (1/1)/(-1) + -3 + 2. Let k be (t/6)/(-1) + 77/21. Suppose 0 = k*h + 4*h - 312. What is the units digit of h?
9
Let n = -23650 - -47800. What is the ten thousands digit of n?
2
Let b = -1891 - -3135. What is the thousands digit of b?
1
Suppose 5*z - 15 = 0, z = -3*j + 740 + 1483. Suppose 2*w - j + 36 = 0. What is the tens digit of w?
5
Suppose -5*n = 4*h - 81565, h - 3*h = n - 40775. Suppose -24*a = 21*a - h. What is the units digit of a?
3
Let y(w) = -12*w + 22. Suppose -m = -5*k - 3*m - 31, -2*m + 4 = -2*k. Let v be y(k). Suppose -103 - v = -5*x. What is the units digit of x?
7
Let m(p) be the third derivative of 49*p**5/60 - p**4/6 - p**3/3 + 49*p**2. What is the units digit of m(-1)?
1
Let l = 10823 + 21615. What is the tens digit of l?
3
Suppose 5*u = 9*u - 68. Let z(s) = -1 - 5 - u*s + 7. What is the units digit of z(-3)?
2
Let v = -20 - -22. Suppose -8*t = v*t - 50. Suppose 4*i - 411 = -3*w, t*i + 5*w - 513 = 2*w. What is the tens digit of i?
0
Let c(u) = u**3 - u. Let w be c(-1). Suppose x - 153 = y, w = 2*x - 2 - 8. Let z = y + 242. What is the units digit of z?
4
Suppose 6*o - 27*o = 840. What is the hundreds digit of (o/70)/((-2)/(-7)) + 136?
1
Suppose 2*m + 437 - 136 = 3*l, -5*m = -5*l + 745. Let v = m + 277. Suppose -4*w + v = g, -4*w + 5*g + 86 = -27. What is the units digit of w?
2
Let d be 10*(2 - (-1)/(-6)*9). Suppose -3*t + 9 = 4*n, 0 = -d*t - n + 31 + 1. Suppose 9 = c + 2*m, -m + t = 2*c - 5. What is the units digit of c?
5
Suppose 4*b = 12, -3*m + 4*m + 5*b - 15 = 0. Suppose 4*l - 608 = v, m = 3*l - 3*v + 97 - 562. What is the units digit of l?
1
Suppose o = -2*t + 5247, -4*t = -o + 4707 + 564. What is the thousands digit of o?
5
Suppose -486*f + 251*f = -255*f + 561200. What is the tens digit of f?
6
Let v = 49 + -51. What is the units digit of -117*(1 + v/1)?
7
Let m(y) = 21 - 14 - 3*y + 3*y + y. Let k be m(-3). Suppose -k*g = -216 - 44. What is the units digit of g?
5
Let p(o) = 35*o**2 - 20*o - 20. Let n be p(-8). What is the tens digit of (45/6)/(0 - (-15)/n)?
9
Suppose -6*p + 18 = 0, -10*p + 12*p - 26097 = -x. What is the ten thousands digit of x?
2
Suppose -41*b + 42*b + 1226 = 0. Let z be 9/6 - b/4. Suppose 5*g = -z + 1363. What is the hundreds digit of g?
2
Let v be 1*-7*7 - (11 - 14). What is the tens digit of 754/(-3)*69/v?
7
Let v be ((-3)/(3/4))/(-2). Let g(w) = 2*w**2 - 2*w + 2. Let a be g(v). What is the tens digit of (-45)/(-6)*52/a?
6
Let a = 7713 - 5947. What is the hundreds digit of a?
7
Suppose -182085 - 312825 = 6*t. What is the tens digit of (-6)/14 - t/91?
0
Let u(s) = -2*s - 14. Let p be u(-11). Let z be 135/(-60) - (-2)/p. What is the units digit of (-3)/(-2) + (-33)/z?
8
Let t be (6 - 7)*43/(-1). Suppose 36*g + 1708 = t*g. What is the hundreds digit of g?
2
Suppose 2*t - 12 = -t. Suppose 2*m + 274 = j + 4*m, 0 = t*m + 20. What is the hundreds digit of j?
2
Let b be (0 - 1)*134/4*2. Let l = b + 68. Let k = 4 - l. What is the units digit of k?
3
Suppose 0 = -2*j - 2*v + 4, -4*j + 2*v - 14 = -46. Suppose 12*f - 42 = j*f. Suppose -f*g + 182 = -490. What is the tens digit of g?
9
Let f(q) = 285*q**2 - 52*q + 46. What is the units digit of f(-7)?
5
Suppose 4*m + 2*k - 4 = 0, -3*k - 2*k - 14 = -2*m. Let f be (588/10)/6 + m/10. Suppose -2*g - 1048 = -f*g. What is the tens digit of g?
3
Let f be (21/9)/((-28)/(-12) + -2). Let k = f - 15. What is the units digit of (k - -5)/(1 - 0) - -82?
9
Let h = 61 + -60. Let a be (1 - h)*(2 - -2 - 3). Suppose -3*c + a*c + 180 = k, 289 = 5*c - 2*k. What is the units digit of c?
9
What is the hundreds digit of (1902/8)/((-7)/252*1/(-2))?
1
Let j(c) = c**3 - 7*c**2 + 2*c + 40. Let y be j(5). Suppose -12*o + 1017 + 27 = y. What is the tens digit of o?
8
Let f be (68/(-51))/((-1)/(-519)). Let x = 362 + f. What is the units digit of (x/(-44))/((-3)/(-32))?
0
Let t(r) = 477*r**3 + 4*r**2 + 11*r - 33. What is the hundreds digit of t(3)?
9
Let g be ((-20)/(-12))/(-2 + 20/12). Let s(b) = 6 + 2*b**2 + 43*b**3 - 8*b**2 - 45*b**3 + 2*b. What is the units digit of s(g)?
6
Let l = 114 + -142. Let j = -156 + 87. Let v = l - j. What is the tens digit of v?
4
Let f = 60 + -70. Let w(x) = 3*x + 22. Let v be w(f). Let r(o) = 3*o**2 + 10*o + 11. What is the hundreds digit of r(v)?
1
Suppose 0 - 5 = i, 0 = -4*m + i - 587. Let l = m - -449. What is the units digit of l?
1
Let q = -80 - -82. Suppose 3*i + q*k - 19 = 0, 24 + 5 = 3*i + 4*k. Suppose -a + 200 = -2*f, 8*a - 970 = i*a + 4*f. What is the hundreds digit of a?
1
Let b = -110932 - -170103. What is the tens digit of b?
7
Suppose 4*x - 21 = -3*x. Let s be 0/3*(14/(-4) + x). Suppose -3*g - 132 + 390 = s. What is the units digit of g?
6
Let j(c) = 1672*c - 39. What is the tens digit of j(2)?
0
Suppose -4*b - 3*x + 0 + 14 = 0, 8 = 4*x. Suppose -z - b = 0, -19*t + 24*t = -2*z + 876. What is the tens digit of t?
7
Let b(w) = 3*w - 1. Let c(d) = -d**2 + 9*d - 2. Let y be c(7). Let u be b(y). What is the units digit of 2110/u + 4/(-14)?
0
Let t = 618 + -255. Suppose -s = -t + 30. What is the tens digit of s?
3
Suppose 1 = 10*f - 29. Let i be (f/((-15)/20))/((-2)/72). Let m = 268 - i. What is the tens digit of m?
2
Let l(f) = -995*f - 290. Let j(s) = -249*s - 72. Let d(m) = 9*j(m) - 2*l(m). What is the tens digit of d(-4)?
3
Suppose 2*x - 29122 = 14832. What is the ten thousands digit of x?
2
Let y = 123 - 344. Let b = -78 - y. What is the hundreds digit of b?
1
Let s(d) = 22*d - 14. Suppose 0 = -5*a + 18 - 8. Suppose v = 4*n + 13, a*v - 5*n - 18 = -n. What is the tens digit of s(v)?
9
Let r(k) = -k**3 + 25*k**2 + 151*k - 13. What is the hundreds digit of r(25)?
7
Let c(a) = -a - 2. Let j be c(-4). Suppose -f + 5 = -2*q, j*q = 5*q + 2*f - 3. What is the tens digit of (3 - (q + 7)) + 76?
7
Suppose -2*z - 2*o = -16152, -3*z + 12038 = o - 12194. Suppose z = 32*i + 2318. What is the hundreds digit of i?
1
Let g be 267/(-9) - (-6)/(-18). Let